0*k = -4*k + 20. Let r = 26831 - 26816. What is the greatest common factor of r and k?
5
Suppose 298 = -5*j + 343. Calculate the highest common factor of j and 33.
3
Suppose -3*t = 3*z + 2*z - 599, 3*t = 6*z + 654. What is the highest common factor of t and 24?
8
Let r be 13/3 - (-6)/(-18). Let c = 0 - r. Let n be -2 + c + 3 + 13. Calculate the greatest common divisor of n and 40.
10
Let q be (-1 - 0)/(18/(-882)) + 2. Suppose r - 135 = -54. Let t = r - q. Calculate the highest common factor of t and 45.
15
Let r(u) = -u**3 + u**2 - 2*u + 225. Let y be r(0). Let z = -155 + y. Calculate the greatest common divisor of 35 and z.
35
Let w(r) = r**3 - 4*r**2 + 4*r - 2. Let b(g) = -3*g**2 - g + 1. Let v be b(1). Let n = 6 + v. Let d be w(n). Calculate the greatest common divisor of d and 2.
1
Let k = 567 + -549. Let f(b) = b**3 + 90. Suppose 0 = -n - 4*n. Let r be f(n). What is the highest common divisor of k and r?
18
Let y(i) be the second derivative of -i**3/6 + 33*i**2/2 + 2*i + 4. Let g = 28 + -14. Let v be y(g). What is the highest common divisor of 152 and v?
19
Let a be 3 + (36/(-90))/((-2)/35). Suppose i - z = 28, 5*i + 7*z = 3*z + 104. Let f = -9 + i. What is the highest common divisor of a and f?
5
Suppose -326 + 190 = -2*d. What is the greatest common divisor of 204 and d?
68
Suppose 6*n - 2694 + 252 = 0. Suppose -n = 4*y + h - 1239, -3*y + 617 = -h. Calculate the highest common factor of 23 and y.
23
Suppose -5*q + 158 = 5*b - 17, 4*b = -8. Calculate the highest common divisor of q and 999.
37
Suppose -8*b = 8*b - 2320. What is the greatest common divisor of 986 and b?
29
Let a(s) = 4*s**3. Let g be a(1). Let c = 129 - 86. Let h = c - 23. What is the highest common divisor of g and h?
4
Let k(f) = 11*f + 34. Let s(t) = -10*t - 34. Let p(c) = -4*k(c) - 5*s(c). Let o be p(13). What is the greatest common factor of 16 and o?
16
Let f(s) = -5*s + 0 + s**2 + 4*s - 4 - 4*s. Let t be f(6). Suppose 4*n - 85 = -t*o + 25, 251 = 5*o + 2*n. Calculate the greatest common divisor of 7 and o.
7
Suppose 145*t = 125*t + 2520. What is the greatest common factor of t and 224?
14
Let k be (-15)/(195/2) + 472/26. Calculate the greatest common factor of k and 36.
18
Let s be -7 - (-33 - 30/(-5)). What is the greatest common factor of s and 50?
10
Suppose 3*r + u = 2084, 0 = r - 3*u + 2*u - 688. What is the greatest common factor of r and 63?
63
Suppose -35*o + 36 = -17*o. Calculate the highest common factor of 79 and o.
1
Suppose 3*w - 328 = 131. Calculate the highest common divisor of 102 and w.
51
Suppose -8*m = -4*m - 792. Suppose 8 = 4*j, 5*g = 4*g + j + m. Calculate the highest common factor of 25 and g.
25
Let r = 1120 - 1052. Suppose -3*q = -4*l - 153, 4*l + 58 = q + 7. Calculate the highest common divisor of r and q.
17
Suppose -4*d = -6*d + 152. Suppose -2*n = -4*j - 58, j + 81 = 10*n - 6*n. What is the highest common divisor of n and d?
19
Let q(a) = 2*a - 1. Let k be q(3). Suppose -3*w - 9 = 0, 7*f = 10*f + 2*w - 39. What is the greatest common divisor of k and f?
5
Let p = 434 - 368. Calculate the highest common factor of p and 60.
6
Let o = -37 + 61. Suppose -2*k - o = k. Let x be 2*(-3)/6*k. Calculate the highest common factor of x and 8.
8
Let y(o) be the second derivative of o**3/3 + 7*o**2 + 3*o. Let q be y(-6). Let k be 15 + -1 + 1 - q. What is the highest common factor of 143 and k?
13
Let r be (-4 - -2*1) + 22. Let a be (1/4)/((-3)/(-48)). Suppose m = -4*m - r, -t = -a*m - 28. What is the greatest common factor of t and 84?
12
Let t(i) = 46*i - 93. Let j be t(3). What is the highest common divisor of 60 and j?
15
Let p be 4/3 + 88/6. Calculate the greatest common factor of 16 and p.
16
Let r be (20/(-16))/(3/(-24)). Suppose 5 = 5*l - 4*l. What is the highest common divisor of r and l?
5
Let r(i) = -412*i + 16. Let x be r(-4). What is the highest common factor of 13 and x?
13
Let z = 11 - 9. Suppose 8*t = z*t + 78. Let x be 286/(-1)*3/(-6). What is the greatest common divisor of x and t?
13
Suppose 0 = 5*l + 2*r + 3, 0*r = -4*r - 16. Let t = -702 - -705. What is the highest common factor of t and l?
1
Suppose 0 = -4*c - 4*m + 152, 3*c = -2*c - m + 198. Suppose -2*g = 0, -5*g - c = -3*r - 10. What is the highest common divisor of r and 25?
5
Let v be ((-24)/(-30))/(2/185). Let q = v - 66. What is the greatest common factor of q and 8?
8
Let n(q) = -10*q. Let r be n(-4). Suppose -4*w = w - r. Calculate the greatest common factor of 8 and w.
8
Let c(g) = -g**2 - 45*g - 164. Let f be c(-40). Let k be -1 - ((-2)/(-2) - 56). What is the highest common divisor of k and f?
18
Let a = 22 + -5. Suppose -4*u = -4*j + a - 109, -4*u = 4*j - 100. Let g be ((-50)/3)/((-16)/u). Calculate the greatest common divisor of g and 175.
25
Let a(z) = z**3 + 13*z**2 - 14*z + 12. Suppose -4*o - 4*p = 60, 4*p = 5*o + 36 + 30. Let v be a(o). Calculate the greatest common factor of v and 36.
12
Let l be 3*(-40)/15 + -4. Let w = 23 - 6. Let n = w + l. What is the greatest common factor of 2 and n?
1
Let d be 15*(534/15 + 6). Calculate the highest common factor of d and 39.
39
Let c(v) = v**3 - 7*v**2 - 117*v + 10. Let r be c(16). What is the greatest common divisor of 68 and r?
34
Let z = 1104 - -1256. What is the greatest common factor of 40 and z?
40
Suppose 5*y + 1012 = 4*z, 4*z + 2*y = 1019 - 7. Calculate the highest common divisor of z and 23.
23
Let v be 12/(2 - -1) + -1. Suppose -24 = v*l - 54. What is the highest common factor of l and 50?
10
Let s be (42/(-5))/(65/(-975)). What is the highest common divisor of s and 315?
63
Let i = -27 + 67. Suppose 2*q - 4*q = 0. Suppose 4*t = 3*x + 17, 2*t + 2*x + x - 13 = q. What is the highest common factor of i and t?
5
Suppose 22 = z + 2*t - 5, t = -3*z + 81. Let n = -686 - -704. Calculate the highest common divisor of n and z.
9
Let j = 167 - 118. Let z = 57 - j. Calculate the greatest common divisor of z and 88.
8
Let s(y) = 16*y. Let l be 18/5 - 9/15. Let t be s(l). Calculate the highest common factor of 72 and t.
24
Suppose 4*j = 351 + 297. Suppose 11*v - 234 = -2*v. What is the highest common divisor of j and v?
18
Let i(w) = w**2 - 7*w - 4. Let m be i(7). Let f(l) = -l**3 - 3*l**2 - 2*l - 6. Let z be f(m). Calculate the greatest common divisor of 45 and z.
9
Suppose -g = -4*f - 0*f + 345, 0 = 3*f - 2*g - 260. What is the highest common divisor of 2322 and f?
86
Let d = -7 - -44. Calculate the highest common divisor of d and 296.
37
Let c be (-1)/(-7) - 41205/(-469). What is the highest common divisor of 64 and c?
8
Suppose -5*s + 10 = 0, 9*k - 14*k = -s - 18828. What is the highest common factor of 14 and k?
14
Suppose 5*n - 15 = o + 2, -3 = -3*n + 3*o. Let d = 1 + n. Suppose -5*x = 2*j - 5, -5*j - 13 - 27 = -d*x. What is the highest common factor of x and 33?
3
Let u = -195 - -198. What is the greatest common factor of 5 and u?
1
Suppose 28 + 32 = 4*o. Let m = 44 + -13. Let v = m + -21. What is the highest common divisor of v and o?
5
Suppose 16 = c - 5*z - 9, 0 = -c - z - 5. Suppose -o = 5*v - 242 - 694, 5*o - 5 = c. Calculate the greatest common divisor of v and 17.
17
Let h be 5 - 12/16*4. Let s(r) = -2 + r - h*r + 17. Let k be s(14). Calculate the greatest common factor of k and 1.
1
Let p be 3/3*1 - -2. Suppose 18 = -p*q + 36. Calculate the greatest common factor of q and 6.
6
Let n(m) = m**3 - 48*m - 11. Let p be n(-6). Calculate the highest common divisor of 793 and p.
61
Suppose -y + 136 = 4*u, y + 0*u + u = 136. Let l = 7 + 10. Calculate the highest common divisor of l and y.
17
Let r = 17 - 18. Let k be r + -4 + 2 + -11. Let m be 21/k - (-510)/4. Calculate the highest common divisor of 14 and m.
14
Let m = 23 + -23. Suppose 3*k - 2*k = 8. Suppose -k*u + 4*u + 16 = m. Calculate the greatest common divisor of 12 and u.
4
Let i(c) = 2*c**2 + 68*c + 12. Let f be i(-34). Suppose 4*r - 68 = 4*t, -24 = -4*r - 3*t + 51. Calculate the highest common divisor of r and f.
6
Let i be (-2)/(-3)*(44 + -2). Let a(h) = 26*h**2 - 4*h. Let r be a(-1). Suppose 4*s - 4*g - 17 = s, 5*g = 5*s - r. What is the highest common factor of i and s?
7
Let c(a) = -a**3 + 9*a**2 - 10*a - 5. Let i be c(7). Calculate the highest common factor of i and 69.
23
Suppose 3*p - p = -4*p. Suppose -5*q = -p*q - 1265. Calculate the highest co